
Calculate the greatest common divisor of 1200 and 11056.
16
Calculate the greatest common divisor of 1832 and 338462.
458
Calculate the highest common divisor of 428 and 55319.
107
What is the greatest common divisor of 1248 and 5128864?
416
What is the highest common divisor of 3327 and 198?
3
What is the greatest common divisor of 23826 and 10659?
627
Calculate the greatest common factor of 88629 and 465.
93
Calculate the highest common divisor of 6225 and 900.
75
Calculate the greatest common factor of 25 and 79725.
25
Calculate the greatest common divisor of 88 and 3355.
11
Calculate the greatest common divisor of 4953 and 6591.
39
What is the highest common factor of 115728 and 144?
48
Calculate the highest common divisor of 96 and 1611480.
24
Calculate the highest common divisor of 43593 and 33.
33
What is the greatest common divisor of 4709 and 5202?
17
Calculate the greatest common factor of 1653 and 54375.
87
What is the greatest common divisor of 322 and 4048?
46
Calculate the greatest common factor of 480826 and 172.
86
What is the highest common divisor of 2456 and 100082?
614
What is the highest common divisor of 210 and 4550?
70
Calculate the highest common divisor of 3536 and 3104.
16
Calculate the highest common divisor of 17 and 1288957.
17
Calculate the highest common divisor of 10 and 119810.
10
Calculate the greatest common factor of 1274 and 5122.
26
Calculate the greatest common factor of 739220 and 1196.
92
Calculate the highest common divisor of 5508 and 1296.
324
What is the highest common factor of 180 and 75780?
180
Calculate the greatest common divisor of 144 and 167304.
24
Calculate the greatest common divisor of 14040415 and 5.
5
What is the greatest common divisor of 2024 and 905234?
506
Calculate the greatest common factor of 11 and 443575.
11
What is the greatest common divisor of 29667 and 29986?
319
What is the greatest common divisor of 6592 and 96?
32
What is the highest common factor of 31 and 24614?
31
Calculate the highest common divisor of 4870206 and 36.
18
What is the greatest common factor of 975 and 68172?
39
Calculate the highest common factor of 6596 and 2813.
97
Calculate the greatest common factor of 870 and 1072362.
174
Calculate the greatest common divisor of 19076 and 1634.
38
What is the greatest common factor of 1079009 and 1?
1
Calculate the highest common factor of 1976 and 64792.
104
Calculate the highest common factor of 112176 and 63.
9
What is the greatest common factor of 6498 and 576?
18
What is the greatest common divisor of 6024 and 10008?
24
What is the greatest common factor of 1178638 and 11976?
998
Calculate the highest common divisor of 891 and 2997.
81
What is the greatest common factor of 7374 and 96?
6
Calculate the highest common divisor of 3197 and 828.
23
What is the greatest common divisor of 182056 and 280?
56
Calculate the highest common factor of 76447 and 3350.
67
Calculate the greatest common divisor of 760 and 30875.
95
Calculate the highest common factor of 18 and 393138.
18
Calculate the highest common divisor of 2545541 and 683.
683
What is the greatest common divisor of 396 and 6204?
132
Calculate the greatest common divisor of 92226 and 228.
114
Calculate the highest common divisor of 25856 and 2121.
101
Calculate the greatest common divisor of 2345 and 98021.
469
Calculate the highest common divisor of 239 and 23183.
239
Calculate the greatest common divisor of 358 and 853114.
358
What is the highest common factor of 127 and 1628267?
127
Calculate the highest common divisor of 116391 and 528.
33
What is the greatest common divisor of 715630 and 10?
10
Calculate the highest common factor of 2015336 and 8.
8
Calculate the highest common divisor of 198 and 6369.
33
Calculate the greatest common factor of 2263 and 5767.
73
What is the highest common divisor of 59778 and 324?
162
What is the highest common divisor of 10664 and 12152?
248
What is the highest common divisor of 670734 and 27?
27
Calculate the greatest common divisor of 35544 and 96.
24
What is the highest common divisor of 10058 and 11374?
94
What is the greatest common divisor of 12 and 12747720?
12
What is the highest common divisor of 629766 and 288?
18
Calculate the highest common divisor of 12 and 501324.
12
What is the greatest common divisor of 646 and 7174?
34
What is the highest common factor of 777 and 1184?
37
Calculate the highest common factor of 6400 and 75520.
1280
What is the greatest common divisor of 37185 and 135?
15
Calculate the highest common factor of 5045554 and 610.
122
Calculate the greatest common factor of 125 and 345.
5
What is the greatest common factor of 46 and 15548?
46
Calculate the greatest common divisor of 221448 and 84.
12
Calculate the highest common factor of 186810 and 390.
390
What is the highest common divisor of 327392 and 3952?
208
What is the highest common factor of 95790 and 48?
6
What is the highest common divisor of 482448 and 12?
12
What is the greatest common factor of 102 and 158644?
34
What is the highest common factor of 90851 and 376?
47
Calculate the highest common divisor of 87846 and 132.
66
What is the highest common divisor of 28 and 124?
4
What is the highest common divisor of 145 and 28913?
29
What is the highest common divisor of 154072 and 32?
8
Calculate the greatest common divisor of 27 and 60057.
9
Calculate the highest common factor of 142 and 757286.
142
What is the greatest common divisor of 1594 and 562?
2
Calculate the highest common factor of 23324 and 2618.
238
Calculate the highest common divisor of 11 and 150183.
11
What is the greatest common divisor of 372 and 153636?
372
Calculate the highest common factor of 224 and 8092.
28
Calculate the greatest common factor of 9 and 1805.
1
Calculate the highest common factor of 39402 and 3861.
99
Calculate the highest common factor of 5478217 and 89.
89
What is the highest common factor of 1700 and 68400?
100
Calculate the greatest common factor of 820096 and 1720.
344
Calculate the greatest common divisor of 2126179 and 683.
683
What is the greatest common factor of 386273 and 1003?
59
Calculate the highest common factor of 13688 and 26332.
116
What is the greatest common divisor of 238 and 160174?
238
Calculate the greatest common factor of 23175 and 240.
15
Calculate the highest common factor of 587 and 84.
1
What is the greatest common factor of 137195 and 115?
115
What is the highest common divisor of 31713 and 22?
11
Calculate the greatest common factor of 11883 and 17.
17
Calculate the highest common factor of 4132 and 343989.
1033
What is the highest common factor of 324 and 29079?
81
Calculate the greatest common divisor of 14766 and 2346.
138
Calculate the highest common divisor of 630 and 127242.
18
What is the highest common factor of 150 and 17?
1
Calculate the greatest common factor of 306 and 1539.
9
What is the highest common factor of 248 and 107539?
31
Calculate the greatest common divisor of 133500 and 256.
4
Calculate the greatest common divisor of 81400 and 10780.
220
Calculate the highest common factor of 2311938 and 29.
29
Calculate the greatest common divisor of 218395 and 434.
31
Calculate the greatest common factor of 546 and 2626.
26
Calculate the greatest common factor of 408 and 866388.
204
Calculate the highest common factor of 18916 and 980.
4
What is the highest common divisor of 273 and 2170077?
273
Calculate the greatest common factor of 22864 and 32.
16
What is the greatest common divisor of 1589378 and 28?
14
What is the greatest common divisor of 61 and 23119?
61
What is the highest common divisor of 141 and 35626?
47
Calculate the highest common divisor of 3729 and 778118.
1243
What is the highest common divisor of 7301 and 49?
49
Calculate the greatest common factor of 195 and 4223895.
195
Calculate the highest common divisor of 196 and 678356.
196
Calculate the greatest common divisor of 2528 and 999508.
316
Calculate the greatest common divisor of 7105 and 146363.
1421
Calculate the highest common divisor of 16264 and 1178.
38
Calculate the highest common divisor of 13764 and 4557.
93
What is the highest common factor of 8229 and 273?
39
Calculate the greatest common divisor of 27841 and 407.
11
What is the highest common factor of 13